{"id":2001,"date":"2021-08-18T15:20:56","date_gmt":"2021-08-18T15:20:56","guid":{"rendered":"https:\/\/parkofideas.com\/antek\/demo1\/?page_id=2001"},"modified":"2022-01-05T18:39:07","modified_gmt":"2022-01-05T18:39:07","slug":"refund_returns","status":"publish","type":"page","link":"https:\/\/abc-vermietung.de\/?page_id=2001","title":{"rendered":"AGB"},"content":{"rendered":"\t\t<div data-elementor-type=\"wp-page\" data-elementor-id=\"2001\" class=\"elementor elementor-2001\" data-elementor-post-type=\"page\">\n\t\t\t\t\t\t<section class=\"elementor-section elementor-top-section elementor-element elementor-element-26ada5a8 elementor-section-stretched elementor-section-boxed elementor-section-height-default elementor-section-height-default\" data-id=\"26ada5a8\" data-element_type=\"section\" data-e-type=\"section\" data-settings=\"{&quot;stretch_section&quot;:&quot;section-stretched&quot;}\">\n\t\t\t\t\t\t<div class=\"elementor-container elementor-column-gap-no\">\n\t\t\t\t\t<div class=\"elementor-column elementor-col-100 elementor-top-column elementor-element elementor-element-71a86026\" data-id=\"71a86026\" data-element_type=\"column\" data-e-type=\"column\">\n\t\t\t<div class=\"elementor-widget-wrap elementor-element-populated\">\n\t\t\t\t\t\t<div class=\"elementor-element elementor-element-4613e2bb elementor-widget elementor-widget-text-editor\" data-id=\"4613e2bb\" data-element_type=\"widget\" data-e-type=\"widget\" data-widget_type=\"text-editor.default\">\n\t\t\t\t<div class=\"elementor-widget-container\">\n\t\t\t\t\t\t\t\t\t<p><\/p>\n<h3>Allgemeine Mietbedingungen zur Anmietung von <span style=\"color: var(--text-color); font-family: var( --e-global-typography-text-font-family ), Sans-serif; letter-spacing: var( --e-global-typography-text-letter-spacing ); word-spacing: var( --e-global-typography-text-word-spacing ); background-color: var(--background-color);\">Anh\u00e4ngern und Baumaschinen:<\/span><\/h3>\n<p><span style=\"font-size: 9pt;\">Die vorliegenden Allgemeinen Gesch\u00e4ftsbedingungen f\u00fcr die Vermietung von Maschinen, Ger\u00e4ten und Anh\u00e4ngern (nachfolgend \u201eAGB\u201c genannt) gelten f\u00fcr alle Angebote und Mietvertr\u00e4ge zur Vermietung von Maschinen, Ger\u00e4ten, Anh\u00e4ngern und sonstigen beweglichen Sachen.\u00a0<br \/>Die vorliegenden AGB gelten ausschlie\u00dflich; entgegenstehende oder abweichende AGB des Mieters erkennen wir nicht an, es sei denn, wir h\u00e4tten ausdr\u00fccklich schriftlich ihrer Geltung zugestimmt. Auch wenn wir in Kenntnis entgegenstehender bzw. abweichender AGB des Mieters vorbehaltlos den Vertrag vollziehen, bedeutet dies keine Zustimmung, denn auch in diesem Fall gelten diese AGB.\u00a0<br \/>Vorrangig vor diesen AGB gelten im Einzelfall getroffene, individuelle Vereinbarungen mit dem Mieter (einschlie\u00dflich Nebenabreden, Erg\u00e4nzungen und \u00c4nderungen). F\u00fcr den Inhalt derartiger individueller Vereinbarungen ist ein schriftlicher Vertrag bzw. unsere schriftliche Best\u00e4tigung ma\u00dfgebend.\u00a0<br \/>Rechtserhebliche Erkl\u00e4rungen und Anzeigen, die nach Vertragsschluss vom Mieter uns gegen\u00fcber abzugeben sind, wie z. B. Fristsetzungen, R\u00fccktrittserkl\u00e4rungen, Mahnungen, bed\u00fcrfen der Textform.\u00a0<\/span><\/p>\n<p><span style=\"font-size: 9pt;\">1.) Der Mieter ist verpflichtet, den gemieteten Anh\u00e4nger bzw. die gemietete Maschine (nachfolgend \u201eMietobjekt\u201c genannt) nur bestimmungsgem\u00e4\u00df einzusetzen und vor \u00dcberbeanspruchung zu sch\u00fctzen, die einschl\u00e4gigen Unfallverh\u00fctungsvorschriften, Arbeitsschutzbestimmungen, Stra\u00dfenverkehrsvorschriften, sowie die sonstigen einschl\u00e4gigen Gesetze und Richtlinien sorgf\u00e4ltig zu beachten. Ferner darf er nur unterrichtete Personen einsetzen.\u00a0<\/span><span style=\"font-size: 9pt;\">Mietger\u00e4te d\u00fcrfen nur nach Unterweisung bedient werden. Der Mieter verpflichtet sich, sein Personal ordnungsgem\u00e4\u00df in der Bedienung zu unterweisen.\u00a0<\/span><\/p>\n<p><span style=\"font-size: 9pt;\">2.) Der Mieter ist verpflichtet, die Kosten f\u00fcr die Reparaturen zu tragen, die aufgrund seines Verschuldens zur Erhaltung der Betriebsbereitschaft des Mietobjekts w\u00e4hrend der Mietzeit notwendig werden. Dies gilt einschlie\u00dflich Ersatzteile. Die Kosten f\u00fcr Reparaturen infolge normaler Abnutzung gehen zu Lasten des Vermieters. S\u00e4mtliche Reparaturen, auch die vom Mieter zu tragenden, f\u00fchrt der Vermieter durch.<\/span><\/p>\n<p><span style=\"font-size: 9pt;\">3.) Der Vermieter oder von ihm Beauftragte haben jederzeit das Recht, den Mietgegenstand zu besichtigen, um sich von dessen Vorhandensein und Zustand zu \u00fcberzeugen.<\/span><\/p>\n<p><span style=\"font-size: 9pt;\">4.) Der Mieter ist nicht berechtigt, ohne vorherige schriftliche Zustimmung des Vermieters, Ver\u00e4nderungen des Mietgegenstands, insbesondere An- und Umbauten, vorzunehmen sowie Kennzeichnungen, die vom Vermieter angebracht wurden, zu entfernen.<\/span><\/p>\n<p><span style=\"font-size: 9pt;\">5.) Der Mieter darf einem Dritten keine Rechte an dem Mietobjekt einr\u00e4umen (z.B. Miete, Leihe) noch Rechte aus diesem Vertrag abtreten.<\/span><\/p>\n<p><span style=\"font-size: 9pt;\">6.) Sollte ein Dritter durch Beschlagnahme, Pf\u00e4ndung oder dergleichen Rechte an dem Mietobjekt geltend machen, so ist der Mieter verpflichtet, dem Vermieter unverz\u00fcglich schriftlich Anzeige zu erstatten und den Dritten hiervon schriftlich zu benachrichtigen.<\/span><\/p>\n<p><span style=\"font-size: 9pt;\">7.) Bei Verbringung des Mietgegenstandes ins Ausland hat der Mieter sicherzustellen, dass die Rechte des Vermieters unter diesem Vertrag auch nach der ausl\u00e4ndischen Rechtsordnung entsprechend gelten und in einer Form durchgesetzt werden k\u00f6nnen, die den Rechten des Vermieters gem. diesem Vertrag entspricht.\u00a0\u00a0Der Vermieter verpflichtet sich, alle hierf\u00fcr notwendigen Ma\u00dfnahmen zu ergreifen und Erkl\u00e4rungen abzugeben.<\/span><\/p>\n<p><span style=\"font-size: 9pt;\">8.) Die vermieteten Mietobjekte sind vom Vermieter Teilkaskoversichert, die Selbstbeteiligung ist umseitig aufgef\u00fchrt.<\/span><\/p>\n<p><span style=\"font-size: 9pt;\">9.) Tritt ein Schadensfall w\u00e4hrend der Mietzeit ein, so hat der Mieter dem Vermieter hiervon unverz\u00fcglich Kenntnis zu geben, unter Angabe des Zeitpunkts und der Ursache des Schadensfalls sowie des Ausma\u00dfes der Besch\u00e4digung. Ferner ist der Mieter verpflichtet, bei einem Unfall im Stra\u00dfenverkehr stets die Polizei hinzuzuziehen, dies gilt auch bei Sch\u00e4den im \u00f6ffentlichen Verkehrsraum.<\/span><\/p>\n<p><span style=\"font-size: 9pt;\">10.) Im Falle eines eintretenden Totalverlusts, f\u00fcr den der Mieter das Risiko tr\u00e4gt, hat dieser eine Barentsch\u00e4digung in H\u00f6he des Zeitwerts f\u00fcr das in Verlust geratene Mietobjekt zu leisten. Einigen sich die Parteien nicht \u00fcber die H\u00f6he des Zeitwerts zum Zeitpunkt des Verlusts, ist dieser durch einen Sachverst\u00e4ndigen festzulegen, die Kosten hierf\u00fcr tr\u00e4gt der Mieter. Bei Totalverlust endet die Mietzahlung mit dem Tag des Schadensereignisses. Der Vermieter hat bis zum Eingang der Barentsch\u00e4digung Anspruch auf Zinsen in H\u00f6he von 5\u00b0% \u00fcber dem jeweiligen Basiszinssatz gem. \u00a7 274 BGB. Ist kein Totalschaden eingetreten, so hat der Mieter die Instandsetzungskosten zu tragen. Die Zeit bis zur Beendigung der Instandsetzungsarbeiten gilt als Stillliegezeit.<\/span><\/p>\n<p><span style=\"font-size: 9pt;\">11.) Der Mieter verpflichtet sich, den Vermieter bei Haftpflichtanspr\u00fcchen Dritter, die aus der Zeit herr\u00fchren, in der der Mieter oder in seinem Auftrag Dritte das Mietobjekt in seiner Verf\u00fcgungsgewalt hatten, freizustellen. Im \u00dcbrigen gelten f\u00fcr die Schadensersatzhaftung der Parteien, gleich aus welchem Rechtsgrund, die gesetzlichen Vorschriften.<\/span><\/p>\n<p><span style=\"font-size: 9pt;\">12.) K\u00fcndigung:\u00a0<\/span><span style=\"font-size: 9pt;\">Das auf eine bestimmte Mietzeit abgeschlossene Mietverh\u00e4ltnis endet mit Ablauf der vereinbarten Mietdauer und ist nicht ordentlich k\u00fcndbar.\u00a0<\/span><span style=\"font-size: 9pt;\">Das Recht der Parteien zur K\u00fcndigung aus wichtigem Grund bleibt von der oben vereinbarten Mietzeitraumregelung unber\u00fchrt.<\/span><\/p>\n<p><span style=\"font-size: 9pt;\">13.) Der Mieter ist verpflichtet, das Mietobjekt am Ende der Mietzeit in gereinigten Zustand am Gesch\u00e4ftssitz des Vermieters zur\u00fcckzugeben.\u00a0<\/span><span style=\"font-size: 9pt;\">Verbrauchte Kraft- und sonstige Betriebsstoffe sowie fehlendes Zubeh\u00f6r gehen zu Lasten des Mieters und werden in Rechnung gestellt. Erforderliche Reinigungskosten werden nach Aufwand, Entsorgung von Schlamm nach Pauschalen berechnet.<\/span><span style=\"font-size: 9pt;\">\u00a0Das Mietobjekt hat dar\u00fcber hinaus bei R\u00fcckgabe in dem Zustand zu sein, der dem Vermietungszustand des Mietobjekts unter Ber\u00fccksichtigung der durch den vertragsgem\u00e4\u00dfen Mietgebrauch entstandenen Wertminderung und unter Beachtung der besonderen Pflichten des Mieters und seiner Haftung entspricht. Im Falle einer versp\u00e4teten R\u00fcckgabe wird f\u00fcr jeden Tag Versp\u00e4tung ein Mietzins in H\u00f6he des doppelten Tagesmietsatzes erhoben. Weitergehende Schadensersatzanspr\u00fcche bleiben vorbehalten.<br \/>14.)<\/span>\u00a0<span style=\"font-size: 9pt;\">Der Mieter ist verpflichtet, den Mietgegenstand vor \u00dcberbeanspruchung und falschem Gebrauch in jeder Weise zu sch\u00fctzen und die sach- und fachgerechte Wartung und Pflege des Mietgegenstandes auf seine eigenen Kosten durchzuf\u00fchren.<\/span><\/p>\n<p><span style=\"font-size: 9pt;\">15.) Bei jeder Anmietung ist eine Kaution in bar zu hinterlegen. Die H\u00f6he der Kaution ist im Mietvertrag bestimmt. Die Kaution ist unverzinslich.\u00a0<\/span><\/p>\n<p><span style=\"font-size: 9pt;\">16.) Kraft- und Betriebsstoffe sind im Mietpreis nicht enthalten.<br \/>17.) Die Berechnung des Mietzinses erfolgt auf Tagesbasis. F\u00fcr die Berechnung der Tagesmiete wird eine Schichtzeit von 8 Arbeitsstunden zugrunde gelegt. Dar\u00fcberhinausgehende Arbeitsstunden werden zus\u00e4tzlich berechnet unter Zugrundelegung der \u00fcblichen Miets\u00e4tze.<\/span><\/p>\n<p><span style=\"font-size: 9pt;\">18.) Nebenabreden sowie \u00c4nderungen und Erg\u00e4nzungen der in diesem Vertrag festgelegten Bestimmungen haben schriftlich zu erfolgen, einschlie\u00dflich der \u00c4nderungen der vorliegenden Schriftlichkeitsklausel. Soweit in dem vorliegenden Vertrag nichts Abweichendes geregelt ist, gilt das Gesetz.<\/span><\/p>\n<p><span style=\"font-size: 9pt;\">19.) Sollte eine Bestimmung dieses Vertrags unwirksam sein, so werden davon die \u00fcbrigen Bestimmungen des Vertrags nicht ber\u00fchrt.<\/span><\/p>\n<p><span style=\"font-size: 9pt;\">20.) Erf\u00fcllungsort und Gerichtsstand ist in allen F\u00e4llen Nettetal bzw. Krefeld, Ferner gilt f\u00fcr diesen Vertrag das deutsche Recht.<\/span><\/p>\n<p><\/p>\t\t\t\t\t\t\t\t<\/div>\n\t\t\t\t<\/div>\n\t\t\t\t\t<\/div>\n\t\t<\/div>\n\t\t\t\t\t<\/div>\n\t\t<\/section>\n\t\t\t\t<\/div>\n\t\t","protected":false},"excerpt":{"rendered":"<p>Allgemeine Mietbedingungen zur Anmietung von Anh\u00e4ngern und Baumaschinen: Die vorliegenden Allgemeinen Gesch\u00e4ftsbedingungen f\u00fcr die Vermietung von Maschinen, Ger\u00e4ten und Anh\u00e4ngern (nachfolgend \u201eAGB\u201c genannt) gelten f\u00fcr alle Angebote und Mietvertr\u00e4ge zur Vermietung von Maschinen, Ger\u00e4ten, Anh\u00e4ngern und sonstigen beweglichen Sachen.\u00a0Die vorliegenden&hellip;<\/p>\n","protected":false},"author":1,"featured_media":0,"parent":0,"menu_order":0,"comment_status":"closed","ping_status":"closed","template":"","meta":{"footnotes":""},"class_list":["post-2001","page","type-page","status-publish","hentry"],"_links":{"self":[{"href":"https:\/\/abc-vermietung.de\/index.php?rest_route=\/wp\/v2\/pages\/2001","targetHints":{"allow":["GET"]}}],"collection":[{"href":"https:\/\/abc-vermietung.de\/index.php?rest_route=\/wp\/v2\/pages"}],"about":[{"href":"https:\/\/abc-vermietung.de\/index.php?rest_route=\/wp\/v2\/types\/page"}],"author":[{"embeddable":true,"href":"https:\/\/abc-vermietung.de\/index.php?rest_route=\/wp\/v2\/users\/1"}],"replies":[{"embeddable":true,"href":"https:\/\/abc-vermietung.de\/index.php?rest_route=%2Fwp%2Fv2%2Fcomments&post=2001"}],"version-history":[{"count":0,"href":"https:\/\/abc-vermietung.de\/index.php?rest_route=\/wp\/v2\/pages\/2001\/revisions"}],"wp:attachment":[{"href":"https:\/\/abc-vermietung.de\/index.php?rest_route=%2Fwp%2Fv2%2Fmedia&parent=2001"}],"curies":[{"name":"wp","href":"https:\/\/api.w.org\/{rel}","templated":true}]}}